**2 - 3*a. Give t(m).
6
Let f(t) be the first derivative of t**4/2 + 2*t**3/3 - t**2/2 + 2*t - 2. Let i be 0 + -13 + 0 + (-100)/(-10). Give f(i).
-31
Let z(x) = x**2 + 12*x + 20. Let w = 818 + -820. Let l(j) = -4*j - 6. Let n(s) = w*z(s) - 7*l(s). Determine n(4).
-14
Let s(y) = 7*y**2 - 6*y + 6. Let g be s(2). Suppose -3*a - g = -6*k + k, -4*k - 4 = 3*a. Let c(j) = 622*j**k - 622*j**2 - 1 + 4*j**3. Determine c(-1).
-5
Let q be ((-18)/8 + 13 + -10)*4. Let o(t) = -3 - 5*t + t**3 + 0*t - q*t + 6*t + 3*t**2. Let i = -7 - -4. Calculate o(i).
3
Suppose 32*a + 51 = 19. Let z(t) be the second derivative of -3*t**4/8 + t**3/6 + t**2/2 - 2*t. Let j(c) be the first derivative of z(c). Determine j(a).
10
Let n(v) = -2*v**3 + 5*v**2 - 4*v + 22. Suppose h + 25*y = 20*y + 13, 5*y = -3*h + 19. Calculate n(h).
1
Let l(n) = n - 6. Suppose 5*i + 18 = -3*o, -4 = 3*i + 5. Let p be ((-1)/(-2)*o)/((-17)/272). Suppose -2*v - 2*z - 2*z = p, 3*z + 6 = v. What is l(v)?
-6
Let k(s) = 2*s - 31. Let o be k(15). Let x(n) = n**2. Let p(v) = v**2 - 1 + 2*v**2 + 8 - 7*v - 2*v**2. Let h(i) = o*p(i) + 2*x(i). What is h(-6)?
-13
Let g(c) = 0*c**2 + 109 - 276 - c**2 + 120 + 59. Calculate g(4).
-4
Let l(i) = -i**2 + 7*i - 4. Suppose -14*m - 13*m = -27. Let v be (-3 - m - 126/(-9)) + -5. Determine l(v).
6
Suppose -4*v - 5 = -x, 4*x = -3*v + 3 - 2. Let k be -2 - (x + -3) - 49/7. Let f(p) = -p**3 - 7*p**2 - 4. Give f(k).
-4
Suppose 15 = 17*t - 19*t + 3*j, -5*t + j = 18. Let r(h) = -4*h + 4. Give r(t).
16
Let m = -3 + 2. Let g be m/(((-4)/(-10))/2). Let r(o) = 3363 + 2*o - 8192 + 4834. Give r(g).
-5
Let g(m) = -53*m - 735. Let d be g(-14). Let k(n) = -3 + 11 + 0*n + 2*n. Let j(u) = u + 4. Let l(x) = d*j(x) - 3*k(x). Determine l(-6).
-2
Suppose 0 = 24*y - 19*y - 2530. Let v(n) = -y + 2*n - 6*n + 508. Determine v(-3).
14
Let u be (0/(180/10))/(0 - (0 + 1)). Let j(w) = -w**3 - 2*w**2 + 4*w - 14. Determine j(u).
-14
Let h(n) = -2 - 5*n + 3*n + 4*n - 3*n - 1 + 1. Let d(g) = -3*g + 4. Let s(i) = 3*i - 4. Let o(l) = -3*d(l) - 4*s(l). Let w be o(3). Determine h(w).
3
Let z(i) = -5*i - 9. Let g(x) = -4*x - 8. Suppose o - 3*k = 26 - 71, -k = 2*o + 125. Let j be -2 + o/(-50)*10/2. Let a(d) = j*g(d) - 3*z(d). What is a(6)?
-11
Let a(i) be the third derivative of -i**5/40 + i**4/8 - 29*i**3/3 - 7*i**2 - 3. Let w(b) be the first derivative of a(b). Give w(-4).
15
Let w(h) = 6*h**2 - 5*h + 2. Let b = 7879 - 7877. Determine w(b).
16
Let x(f) be the first derivative of 3*f**2/2 - 30*f + 2. Let k = -84935 - -84948. Determine x(k).
9
Let p(m) = -m**2 - 2*m + 1. Let j(a) = -6*a**2 + 12*a - 75. Let x(z) = -z**2 - z - 2. Let u(q) = j(q) - 5*x(q). Let n be u(6). Determine p(n).
-2
Suppose 0 = o + 2*x - 10, 35*x = 38*x - 18. Suppose 2*l = 2*s - 7*s + 6, -4*s = -l - 10. Let g(z) = 2*z - 4 - 3*z + 5 - z**3 - 2*z**s. Give g(o).
3
Let p(c) = -11*c**2 + 20*c - 25. Let s(q) = 31*q**2 - 58*q + 70. Let i(u) = -17*p(u) - 6*s(u). Let g = 1 + 5. Suppose g*y - 5*y = -7. What is i(y)?
-2
Let t(a) = a**3 - 5*a**2 - 4*a + 3. Let l = 1583 - 1578. Determine t(l).
-17
Let u(v) = 32 - 159*v**2 + 58*v**2 + 41*v**2 - 19*v - v**3 + 40*v**2. Give u(-19).
32
Let o(i) = -10*i + 12. Let y = -1833 - -1847. Determine o(y).
-128
Let n(a) = 3821561*a - 1910787*a - 1910775*a - 13. Suppose -m - 41 + 16 = -3*k, 0 = 4*k - m - 34. Suppose 2*l - q = 7*l - 3, -k = -3*q. Calculate n(l).
-13
Let f(b) = -b + 7. Let w be 2*((-11)/(-2) - (-160)/(-40)). Let o be (-1)/1 - (0 - 19). Suppose -3*t + 10 = h + 3*h, w*h = -4*t + o. Determine f(t).
1
Let f = 1418 - 1414. Let n(p) = -5*p**2 + 17*p + 16. Give n(f).
4
Let g(t) = -t**3 - 4*t**2 - 2*t - 3. Suppose -187*v - 4*a = -190*v - 29, 2*a - 7 = -v. What is g(v)?
-6
Let z(a) = -4*a - 61. Let f = 8050 + -8060. Give z(f).
-21
Let o = 17 + -11. Suppose o*y - 59 = 7. Let q(r) = 6*r + 5*r**2 - 8 - 3*r**3 + y*r**2 - 9*r**2 + 4*r**3. Determine q(-6).
-8
Let j = 32 + -27. Suppose -5 + 21 = -4*t, -j*b - 41 = 4*t. Let z(h) = 3*h**2 - 1 - 2*h**2 + 5*h - 6. Determine z(b).
-7
Let d be ((-6)/5)/((-21)/(3255/31)). Let u(k) = 2*k**2 - 13*k + 3. What is u(d)?
-3
Suppose -5*o - 3*v = 8 + 7, -2*v = o + 10. Suppose 3*p - 10 = -o*p + 2*d, -3*d - 15 = -2*p. Let n(a) = a - 7. Determine n(p).
-7
Let h(g) = 22*g + 9 - 60*g - 28 + 36*g. What is h(-13)?
7
Let i(s) be the second derivative of -s**5/20 + 3*s**4/4 + 2*s**3/3 - 21*s**2/2 + 806*s. Determine i(9).
15
Let h(g) be the third derivative of -g**4/24 + 29*g**3/6 + 1363*g**2. Give h(19).
10
Let d(r) = -r**2. Let k(h) be the third derivative of -h**5/15 + h**4/8 - 5*h**3/6 + 98*h**2. Let p(f) = 2*d(f) - k(f). Calculate p(2).
7
Let q(d) be the third derivative of -d**6/240 - d**5/120 - 3*d**4/8 + d**3/6 + 18*d**2 + 3. Let w(c) be the second derivative of q(c). What is w(1)?
-4
Let f = -267 - -333. Suppose -13*i - 9*i = f. Let d(v) = -2*v**2 - 4*v - 1. Determine d(i).
-7
Suppose 43*y - 55 - 74 = 0. Let r(i) = -11*i - 10*i - 9*i + y + 31*i. Give r(-8).
-5
Suppose -8 = -4*i - k, -9*k = -4*k. Suppose 12 = -2*q + 2*a - 12, i*q + 32 = -2*a. Let s(n) = 2*n + 33. Determine s(q).
5
Let t be -1 - (1250/15)/10*-3. Let c(i) = -18*i + 1 + 34*i + i**2 - t*i. Give c(8).
1
Let p(o) = 14*o + 95 - 95. Let m = -20 + 41. Suppose m*g = 16*g + 5. Calculate p(g).
14
Let v = -3658 - -3660. Let s(n) be the second derivative of 0 + 8*n + 1/12*n**4 - 1/2*n**v + 1/3*n**3. Determine s(-4).
7
Let d(l) = 2 - 27691*l**3 - 9*l**2 - 62*l + 27690*l**3 + 52*l. Determine d(-5).
-48
Let t(d) = -8*d. Let g(n) = -6*n**2 + 4*n + 2. Let v be g(2). Let j be (-8)/v*(-63)/(-18). Suppose -j*m = -5 + 7. Calculate t(m).
8
Let b(n) be the first derivative of -3*n**5/10 - n**4/12 - n**3/3 - n**2 - 50*n + 51. Let h(s) be the first derivative of b(s). Determine h(-2).
46
Let o(q) = -32*q**3 + 36*q**2 - 110*q - 71. Let w(l) = 9*l**3 - 12*l**2 + 36*l + 24. Let f(u) = 2*o(u) + 7*w(u). Give f(-14).
-30
Suppose 313*v - 4025 = 138*v. Let n(k) be the first derivative of -v + 7*k + 1/2*k**2. Determine n(-9).
-2
Let n be (-11)/((7 - 4) + -4). Suppose -n = -9*v + 25. Let z be (-12)/8 - v/8. Let t(c) = 3*c**2 + 2*c - 2. What is t(z)?
6
Suppose 0 = -10*p + 20. Let i(o) = 53*o**2 - 18*o**2 - 36*o**p + 14 + o. Calculate i(5).
-6
Let x be ((-30)/(-18) - 3)*((-51)/2)/(-17). Let o(v) = 24*v + 7. Give o(x).
-41
Let y(x) be the third derivative of -x**4/24 - x**3 - 5*x**2. Suppose 10*s - 13*s + 6 = 0. Suppose 8*v + s*v = -60. Calculate y(v).
0
Let o(v) = v**3 - 17*v**2 - v + 18. Let k be o(17). Let r(d) = -d**2. Let n(g) = -2*g**2 - 3*g + 1. Let m(z) = k*n(z) - 3*r(z). What is m(5)?
11
Suppose -z = -5*i + i - 13, -11 = z + 4*i. Let y(h) be the second derivative of 5*h**3/2 + h**2/2 + 3*h. Determine y(z).
16
Let q(j) be the second derivative of j**4/12 + 2*j**3 + 7*j**2/2 - 5936*j. Determine q(-12).
7
Let c(p) = -p**2 + 12*p - 5. Let a = 2397 - 1544. Let h = -844 + a. Give c(h).
22
Let y(c) be the second derivative of c**4/12 - 7*c**3/3 - 2*c**2 + 15589*c - 2. Let j(q) = -6*q + 2. Let z be j(-2). Determine y(z).
-4
Let j(d) = 5*d**2 - 242*d - 241. Let l be j(-1). Let u(f) = -f**2 + 15*f - 48. Give u(l).
6
Let w(k) = -1. Let r(z) = 2*z. Let b(m) = r(m) - 4*w(m). Let v(s) = 2*s**2 + 197*s - 9351. Let l be v(35). Calculate b(l).
-8
Let w(j) = -20*j - 104. Let l(h) = -2*h - 13. Let p(k) = 8*l(k) - w(k). Calculate p(-1).
-4
Let r = 115 - 111. Suppose h + r = 7. Let f(z) = -1 + z**2 + 2 - 4 + z. Calculate f(h).
9
Let u(d) = d - 11. Suppose 9*v = v - 19*v. Suppose 3*k = 3*z + 6 + 18, -4*k - 5*z + 32 = v. Calculate u(k).
-3
Let b(d) = 18*d**2 - 13. Let y(s) be the second derivative of 17*s**4/6 - 12*s**2 - 2*s - 46. Let n(x) = 11*b(x) - 6*y(x). Calculate n(-1).
-5
Let u(b) = -183*b - 1. Let w(j) = 909*j - 2. Let g(n) = 5*u(n) + w(n). Suppose -5 - 25 = 5*l. Calculate g(l).
29
Let b(z) = -z**3 + 11*z**2 - z + 6. Let g be (1407/(-18))/(-7) + (-4)/(27 + -3). What is b(g)?
-5
Let t(l) = -256 + 127 - 3*l + 122. Let a(k) = -4*k - 1. Let r(m) = -m**3 - m**2 - m + 1. Let j be r(0). Let i be a(j). Give t(i).
8
Let j(q) = -q**3 + 10*q**2 + 8*q - 23. Let x be j(11). Let n = x + 56. Suppose -b = -5*p - 1, 0 = 5*p - 4*b - n*b - 11. Let z(h) = -h - 1. Determine z(p).
0
Let c(k) be the first derivative of k**2/2 - 3*k - 1. Let r(g) = g**3 + 9*g**2 + 17*g. Let f be r(-5).